{"id":2,"date":"2017-11-27T14:40:46","date_gmt":"2017-11-27T13:40:46","guid":{"rendered":"http:\/\/dev.svkirchzarten.de\/volleyball\/?page_id=2"},"modified":"2025-07-21T15:18:46","modified_gmt":"2025-07-21T13:18:46","slug":"sv-kirchzarten-volleyball-2","status":"publish","type":"page","link":"https:\/\/svkirchzarten.de\/volleyball\/","title":{"rendered":"SV Kirchzarten Volleyball"},"content":{"rendered":"[vc_row type=&#8220;in_container&#8220; full_screen_row_position=&#8220;middle&#8220; column_margin=&#8220;default&#8220; column_direction=&#8220;default&#8220; column_direction_tablet=&#8220;default&#8220; column_direction_phone=&#8220;default&#8220; scene_position=&#8220;center&#8220; text_color=&#8220;dark&#8220; text_align=&#8220;left&#8220; row_border_radius=&#8220;none&#8220; row_border_radius_applies=&#8220;bg&#8220; overflow=&#8220;visible&#8220; overlay_strength=&#8220;0.3&#8243; gradient_direction=&#8220;left_to_right&#8220; shape_divider_position=&#8220;bottom&#8220; bg_image_animation=&#8220;none&#8220;][vc_column column_padding=&#8220;no-extra-padding&#8220; column_padding_tablet=&#8220;inherit&#8220; column_padding_phone=&#8220;inherit&#8220; column_padding_position=&#8220;all&#8220; column_element_direction_desktop=&#8220;default&#8220; column_element_spacing=&#8220;default&#8220; desktop_text_alignment=&#8220;default&#8220; tablet_text_alignment=&#8220;default&#8220; phone_text_alignment=&#8220;default&#8220; background_color_opacity=&#8220;1&#8243; background_hover_color_opacity=&#8220;1&#8243; column_backdrop_filter=&#8220;none&#8220; column_shadow=&#8220;none&#8220; column_border_radius=&#8220;none&#8220; column_link_target=&#8220;_self&#8220; column_position=&#8220;default&#8220; gradient_direction=&#8220;left_to_right&#8220; overlay_strength=&#8220;0.3&#8243; width=&#8220;1\/1&#8243; tablet_width_inherit=&#8220;default&#8220; animation_type=&#8220;default&#8220; bg_image_animation=&#8220;none&#8220; border_type=&#8220;simple&#8220; column_border_width=&#8220;none&#8220; column_border_style=&#8220;solid&#8220;][vc_column_text css=&#8220;&#8220; text_direction=&#8220;default&#8220;]<strong>Saison 2025\/2026<\/strong><\/p>\n<p>Unsere <a href=\"https:\/\/svkirchzarten.de\/volleyball\/teams\/damen-1\/\">Damen 1<\/a> spielen auch in der neuen Saison in der Verbandsliga. In den letzten Jahren konnten die Damen immer gut mitspielen und wurden vergangene Saison, nach zwei dritten Pl\u00e4tzen, sogar Zweiter. Somit durfte die Mannschaft um Trainerin Claudia Stumb\u00f6ck als Saison-H\u00f6hepunkt die Relegation in die Oberliga spielen. Zwei spektakul\u00e4re Spiele vor toller Kulisse machen ganz viel Vorfreude auf die kommende Saison!<br \/>\nDas Team besticht nicht nur auf dem Feld durch guten Volleyball, sondern vor allem auch neben dem Platz mit starkem Zusammenhalt. Es lohnt sich, an Heimspieltagen vorbei zu schauen und das Team anzufeuern!<\/p>\n<p>Die <a href=\"https:\/\/svkirchzarten.de\/volleyball\/teams\/damen-2\/\">Damen 2<\/a> starten in ihre zweite Saison in der Kreisliga Mitte. Das junge Team konnte in der letzten Saison viel Erfahrung sammeln und fand als Team immer besser zusammen. Neben einigen bereits erfahreneren Spielerinnen, werden auch kommende Saison wieder Jugendspielerinnen herangef\u00fchrt. Diese ausgewogene Mischung bringt nicht nur frischen Wind ins Training, sondern auch viel gute Laune in die Halle.<br \/>\nDas Team um Trainer Aaron Janz wird in der kommenden Saison voll angreifen und freut sich neben Publikum an Heimspieltagen auch \u00fcber Zuwachs. Falls Du Lust hast, das Team zu verst\u00e4rken, dann melde Dich!<\/p>\n<p>Vergangene Saison konnte zum ersten Mal seit langem wieder eine <a href=\"https:\/\/svkirchzarten.de\/volleyball\/teams\/herren-1\/\">Herren 1<\/a> Mannschaft f\u00fcr den Ligabetrieb gemeldet werden. Die bunt gemischte Truppe aus Jugend und erfahrenen Spielern konnte in der abgelaufenen Saison das Ziel Aufstieg realisieren. Am Relegationsspieltag zeigte das Team nochmal ihre kompletten spielerischen F\u00e4higkeiten und konnte beide Spiele souver\u00e4n gewinnen. In der kommenden Saison startet das Team mit Trainer Michael Geiseler in der Bezirksliga S\u00fcd. Das vorrangige Ziel ist nat\u00fcrlich der Klassenerhalt, der Blick geht aber auch nach oben. Doch daf\u00fcr braucht es noch spielerische Verst\u00e4rkung. Falls du auf Bezirksliga\/Landesliga Niveau spielst und Bock hast, Teil des Teams zu werden, dann melde Dich.<\/p>\n<p>In der kommenden Saison werden wir auch mit einer <a href=\"https:\/\/svkirchzarten.de\/volleyball\/herren-2\/\">Herren 2<\/a> im Spielbetrieb vertreten sein. Die beiden Trainer Emil Rogge und Julius Brugger k\u00f6nnen daf\u00fcr auf einen sehr breiten Spielerpool an Jugendlichen zugreifen. Die Jungs freuen sich riesig auf die neue Herausforderung und k\u00f6nnen ohne Druck in der Bezirksklasse Mitte Erfahrungen sammeln.<\/p>\n<p>&nbsp;<\/p>\n<p>Neben unseren aktiven Mannschaften sind wir auch in der Nachwuchsarbeit t\u00e4tig. Hierbei haben wir Angebote sowohl f\u00fcr <a href=\"https:\/\/svkirchzarten.de\/volleyball\/jugend\/maennliche-jugend\/\">Jungs<\/a>, als auch f\u00fcr <a href=\"https:\/\/svkirchzarten.de\/volleyball\/jugend\/weibliche-jugend\/\">M\u00e4dchen<\/a>. Au\u00dferdem sucht unsere <a href=\"https:\/\/svkirchzarten.de\/volleyball\/mixed-freizeit\/\">gemischte Freizeit<\/a> stetig nach neuen Mitspielern.<\/p>\n<p>Im Sommer, nach Saisonabschluss, sind die Mannschaften dann im Sand unterwegs. F\u00fcr das Beachvolleyball gibt es auch eine eigene <a href=\"https:\/\/svkirchzarten.de\/volleyball\/beachvolleyball\/beachfreizeit\/\">Freizeitmannschaft<\/a>, welche sich \u00fcber zahlreiche neue Mitspieler freut.<\/p>\n<p>Selbstverst\u00e4ndlich kann der Beachplatz au\u00dferhalb der Trainingszeiten auch von Abteilungsfremden bespielt werden. Alle Infos hierzu unter <a href=\"https:\/\/svkirchzarten.de\/volleyball\/beachplatz-mieten\/\">Beachvolleyball<\/a>.<\/p>\n<p>Gerne einfach mal in eine der Mannschaften schnuppern und uns an Heimspieltagen kr\u00e4ftig anfeuern!<\/p>\n<p>Folgt uns auch auf Instagram: <a href=\"http:\/\/instagram.com\/svkirchzarten_volleyball\/\">Volleyball<\/a>, <a href=\"https:\/\/www.instagram.com\/volleyballkirchzarten\">Damen 1<\/a>, <a href=\"http:\/\/instagram.com\/svk_volleyball_herren1\/\">Herren 1<\/a>[\/vc_column_text][\/vc_column][\/vc_row][vc_row type=&#8220;in_container&#8220; full_screen_row_position=&#8220;middle&#8220; column_margin=&#8220;default&#8220; column_direction=&#8220;default&#8220; column_direction_tablet=&#8220;default&#8220; column_direction_phone=&#8220;default&#8220; scene_position=&#8220;center&#8220; text_color=&#8220;dark&#8220; text_align=&#8220;left&#8220; row_border_radius=&#8220;none&#8220; row_border_radius_applies=&#8220;bg&#8220; overflow=&#8220;visible&#8220; overlay_strength=&#8220;0.3&#8243; gradient_direction=&#8220;left_to_right&#8220; shape_divider_position=&#8220;bottom&#8220; bg_image_animation=&#8220;none&#8220;][vc_column column_padding=&#8220;no-extra-padding&#8220; column_padding_tablet=&#8220;inherit&#8220; column_padding_phone=&#8220;inherit&#8220; column_padding_position=&#8220;all&#8220; column_element_direction_desktop=&#8220;default&#8220; column_element_spacing=&#8220;default&#8220; desktop_text_alignment=&#8220;default&#8220; tablet_text_alignment=&#8220;default&#8220; phone_text_alignment=&#8220;default&#8220; background_color_opacity=&#8220;1&#8243; background_hover_color_opacity=&#8220;1&#8243; column_backdrop_filter=&#8220;none&#8220; column_shadow=&#8220;none&#8220; column_border_radius=&#8220;none&#8220; column_link_target=&#8220;_self&#8220; column_position=&#8220;default&#8220; gradient_direction=&#8220;left_to_right&#8220; overlay_strength=&#8220;0.3&#8243; width=&#8220;1\/1&#8243; tablet_width_inherit=&#8220;default&#8220; animation_type=&#8220;default&#8220; bg_image_animation=&#8220;none&#8220; border_type=&#8220;simple&#8220; column_border_width=&#8220;none&#8220; column_border_style=&#8220;solid&#8220;][vc_gallery type=&#8220;flexslider_style&#8220; images=&#8220;724,723,722,721,720,719,718&#8243; onclick=&#8220;link_no&#8220;][\/vc_column][\/vc_row]\n","protected":false},"excerpt":{"rendered":"<p>[vc_row type=&#8220;in_container&#8220; full_screen_row_position=&#8220;middle&#8220; column_margin=&#8220;default&#8220; column_direction=&#8220;default&#8220; column_direction_tablet=&#8220;default&#8220; column_direction_phone=&#8220;default&#8220; scene_position=&#8220;center&#8220; text_color=&#8220;dark&#8220; text_align=&#8220;left&#8220;&#8230;<\/p>\n","protected":false},"author":1,"featured_media":0,"parent":0,"menu_order":0,"comment_status":"closed","ping_status":"closed","template":"template-home-2.php","meta":{"footnotes":""},"class_list":["post-2","page","type-page","status-publish"],"publishpress_future_action":{"enabled":false,"date":"2026-05-08 18:50:00","action":"change-status","newStatus":"draft","terms":[],"taxonomy":"","extraData":[]},"publishpress_future_workflow_manual_trigger":{"enabledWorkflows":[]},"_links":{"self":[{"href":"https:\/\/svkirchzarten.de\/volleyball\/wp-json\/wp\/v2\/pages\/2","targetHints":{"allow":["GET"]}}],"collection":[{"href":"https:\/\/svkirchzarten.de\/volleyball\/wp-json\/wp\/v2\/pages"}],"about":[{"href":"https:\/\/svkirchzarten.de\/volleyball\/wp-json\/wp\/v2\/types\/page"}],"author":[{"embeddable":true,"href":"https:\/\/svkirchzarten.de\/volleyball\/wp-json\/wp\/v2\/users\/1"}],"replies":[{"embeddable":true,"href":"https:\/\/svkirchzarten.de\/volleyball\/wp-json\/wp\/v2\/comments?post=2"}],"version-history":[{"count":3,"href":"https:\/\/svkirchzarten.de\/volleyball\/wp-json\/wp\/v2\/pages\/2\/revisions"}],"predecessor-version":[{"id":1120,"href":"https:\/\/svkirchzarten.de\/volleyball\/wp-json\/wp\/v2\/pages\/2\/revisions\/1120"}],"wp:attachment":[{"href":"https:\/\/svkirchzarten.de\/volleyball\/wp-json\/wp\/v2\/media?parent=2"}],"curies":[{"name":"wp","href":"https:\/\/api.w.org\/{rel}","templated":true}]}}

[vc_row type=&#8220;in_container&#8220; full_screen_row_position=&#8220;middle&#8220; column_margin=&#8220;default&#8220; column_direction=&#8220;default&#8220; column_direction_tablet=&#8220;default&#8220; column_direction_phone=&#8220;default&#8220; scene_position=&#8220;center&#8220; text_color=&#8220;dark&#8220; text_align=&#8220;left&#8220; row_border_radius=&#8220;none&#8220; row_border_radius_applies=&#8220;bg&#8220; overflow=&#8220;visible&#8220; overlay_strength=&#8220;0.3&#8243; gradient_direction=&#8220;left_to_right&#8220; shape_divider_position=&#8220;bottom&#8220; bg_image_animation=&#8220;none&#8220;][vc_column column_padding=&#8220;no-extra-padding&#8220; column_padding_tablet=&#8220;inherit&#8220; column_padding_phone=&#8220;inherit&#8220; column_padding_position=&#8220;all&#8220; column_element_direction_desktop=&#8220;default&#8220; column_element_spacing=&#8220;default&#8220; desktop_text_alignment=&#8220;default&#8220; tablet_text_alignment=&#8220;default&#8220; phone_text_alignment=&#8220;default&#8220; background_color_opacity=&#8220;1&#8243; background_hover_color_opacity=&#8220;1&#8243; column_backdrop_filter=&#8220;none&#8220; column_shadow=&#8220;none&#8220; column_border_radius=&#8220;none&#8220; column_link_target=&#8220;_self&#8220; column_position=&#8220;default&#8220; gradient_direction=&#8220;left_to_right&#8220; overlay_strength=&#8220;0.3&#8243; width=&#8220;1/1&#8243; tablet_width_inherit=&#8220;default&#8220; animation_type=&#8220;default&#8220; bg_image_animation=&#8220;none&#8220; border_type=&#8220;simple&#8220; column_border_width=&#8220;none&#8220; column_border_style=&#8220;solid&#8220;][vc_column_text css=&#8220;&#8220; text_direction=&#8220;default&#8220;]<strong>Saison 2025/2026</strong></p>
<p>Unsere <a href="https://svkirchzarten.de/volleyball/teams/damen-1/">Damen 1</a> spielen auch in der neuen Saison in der Verbandsliga. In den letzten Jahren konnten die Damen immer gut mitspielen und wurden vergangene Saison, nach zwei dritten Plätzen, sogar Zweiter. Somit durfte die Mannschaft um Trainerin Claudia Stumböck als Saison-Höhepunkt die Relegation in die Oberliga spielen. Zwei spektakuläre Spiele vor toller Kulisse machen ganz viel Vorfreude auf die kommende Saison!<br />
Das Team besticht nicht nur auf dem Feld durch guten Volleyball, sondern vor allem auch neben dem Platz mit starkem Zusammenhalt. Es lohnt sich, an Heimspieltagen vorbei zu schauen und das Team anzufeuern!</p>
<p>Die <a href="https://svkirchzarten.de/volleyball/teams/damen-2/">Damen 2</a> starten in ihre zweite Saison in der Kreisliga Mitte. Das junge Team konnte in der letzten Saison viel Erfahrung sammeln und fand als Team immer besser zusammen. Neben einigen bereits erfahreneren Spielerinnen, werden auch kommende Saison wieder Jugendspielerinnen herangeführt. Diese ausgewogene Mischung bringt nicht nur frischen Wind ins Training, sondern auch viel gute Laune in die Halle.<br />
Das Team um Trainer Aaron Janz wird in der kommenden Saison voll angreifen und freut sich neben Publikum an Heimspieltagen auch über Zuwachs. Falls Du Lust hast, das Team zu verstärken, dann melde Dich!</p>
<p>Vergangene Saison konnte zum ersten Mal seit langem wieder eine <a href="https://svkirchzarten.de/volleyball/teams/herren-1/">Herren 1</a> Mannschaft für den Ligabetrieb gemeldet werden. Die bunt gemischte Truppe aus Jugend und erfahrenen Spielern konnte in der abgelaufenen Saison das Ziel Aufstieg realisieren. Am Relegationsspieltag zeigte das Team nochmal ihre kompletten spielerischen Fähigkeiten und konnte beide Spiele souverän gewinnen. In der kommenden Saison startet das Team mit Trainer Michael Geiseler in der Bezirksliga Süd. Das vorrangige Ziel ist natürlich der Klassenerhalt, der Blick geht aber auch nach oben. Doch dafür braucht es noch spielerische Verstärkung. Falls du auf Bezirksliga/Landesliga Niveau spielst und Bock hast, Teil des Teams zu werden, dann melde Dich.</p>
<p>In der kommenden Saison werden wir auch mit einer <a href="https://svkirchzarten.de/volleyball/herren-2/">Herren 2</a> im Spielbetrieb vertreten sein. Die beiden Trainer Emil Rogge und Julius Brugger können dafür auf einen sehr breiten Spielerpool an Jugendlichen zugreifen. Die Jungs freuen sich riesig auf die neue Herausforderung und können ohne Druck in der Bezirksklasse Mitte Erfahrungen sammeln.</p>
<p>&nbsp;</p>
<p>Neben unseren aktiven Mannschaften sind wir auch in der Nachwuchsarbeit tätig. Hierbei haben wir Angebote sowohl für <a href="https://svkirchzarten.de/volleyball/jugend/maennliche-jugend/">Jungs</a>, als auch für <a href="https://svkirchzarten.de/volleyball/jugend/weibliche-jugend/">Mädchen</a>. Außerdem sucht unsere <a href="https://svkirchzarten.de/volleyball/mixed-freizeit/">gemischte Freizeit</a> stetig nach neuen Mitspielern.</p>
<p>Im Sommer, nach Saisonabschluss, sind die Mannschaften dann im Sand unterwegs. Für das Beachvolleyball gibt es auch eine eigene <a href="https://svkirchzarten.de/volleyball/beachvolleyball/beachfreizeit/">Freizeitmannschaft</a>, welche sich über zahlreiche neue Mitspieler freut.</p>
<p>Selbstverständlich kann der Beachplatz außerhalb der Trainingszeiten auch von Abteilungsfremden bespielt werden. Alle Infos hierzu unter <a href="https://svkirchzarten.de/volleyball/beachplatz-mieten/">Beachvolleyball</a>.</p>
<p>Gerne einfach mal in eine der Mannschaften schnuppern und uns an Heimspieltagen kräftig anfeuern!</p>
<p>Folgt uns auch auf Instagram: <a href="http://instagram.com/svkirchzarten_volleyball/">Volleyball</a>, <a href="https://www.instagram.com/volleyballkirchzarten">Damen 1</a>, <a href="http://instagram.com/svk_volleyball_herren1/">Herren 1</a>[/vc_column_text][/vc_column][/vc_row][vc_row type=&#8220;in_container&#8220; full_screen_row_position=&#8220;middle&#8220; column_margin=&#8220;default&#8220; column_direction=&#8220;default&#8220; column_direction_tablet=&#8220;default&#8220; column_direction_phone=&#8220;default&#8220; scene_position=&#8220;center&#8220; text_color=&#8220;dark&#8220; text_align=&#8220;left&#8220; row_border_radius=&#8220;none&#8220; row_border_radius_applies=&#8220;bg&#8220; overflow=&#8220;visible&#8220; overlay_strength=&#8220;0.3&#8243; gradient_direction=&#8220;left_to_right&#8220; shape_divider_position=&#8220;bottom&#8220; bg_image_animation=&#8220;none&#8220;][vc_column column_padding=&#8220;no-extra-padding&#8220; column_padding_tablet=&#8220;inherit&#8220; column_padding_phone=&#8220;inherit&#8220; column_padding_position=&#8220;all&#8220; column_element_direction_desktop=&#8220;default&#8220; column_element_spacing=&#8220;default&#8220; desktop_text_alignment=&#8220;default&#8220; tablet_text_alignment=&#8220;default&#8220; phone_text_alignment=&#8220;default&#8220; background_color_opacity=&#8220;1&#8243; background_hover_color_opacity=&#8220;1&#8243; column_backdrop_filter=&#8220;none&#8220; column_shadow=&#8220;none&#8220; column_border_radius=&#8220;none&#8220; column_link_target=&#8220;_self&#8220; column_position=&#8220;default&#8220; gradient_direction=&#8220;left_to_right&#8220; overlay_strength=&#8220;0.3&#8243; width=&#8220;1/1&#8243; tablet_width_inherit=&#8220;default&#8220; animation_type=&#8220;default&#8220; bg_image_animation=&#8220;none&#8220; border_type=&#8220;simple&#8220; column_border_width=&#8220;none&#8220; column_border_style=&#8220;solid&#8220;][vc_gallery type=&#8220;flexslider_style&#8220; images=&#8220;724,723,722,721,720,719,718&#8243; onclick=&#8220;link_no&#8220;][/vc_column][/vc_row]
