{"id":53,"date":"2018-04-10T16:42:23","date_gmt":"2018-04-10T14:42:23","guid":{"rendered":"http:\/\/dev.svkirchzarten.de\/rad\/?page_id=53"},"modified":"2020-06-25T22:32:58","modified_gmt":"2020-06-25T20:32:58","slug":"fuer-vereine-und-gruppen","status":"publish","type":"page","link":"https:\/\/svkirchzarten.de\/rad\/hexenwald-trailpark\/fuer-vereine-und-gruppen\/","title":{"rendered":"f\u00fcr Vereine und Gruppen"},"content":{"rendered":"[vc_row type=&#8220;in_container&#8220; full_screen_row_position=&#8220;middle&#8220; scene_position=&#8220;center&#8220; text_color=&#8220;dark&#8220; text_align=&#8220;left&#8220; overlay_strength=&#8220;0.3&#8243;][vc_column column_padding=&#8220;no-extra-padding&#8220; column_padding_position=&#8220;all&#8220; background_color_opacity=&#8220;1&#8243; background_hover_color_opacity=&#8220;1&#8243; column_shadow=&#8220;none&#8220; width=&#8220;1\/1&#8243; tablet_text_alignment=&#8220;default&#8220; phone_text_alignment=&#8220;default&#8220; column_border_width=&#8220;none&#8220; column_border_style=&#8220;solid&#8220;][vc_column_text]Wir haben lange f\u00fcr unseren Hexenwald-Trailpark gek\u00e4mpft, und viel Herzblut, Geduld, Arbeitszeit , Material und auch fast 200.000 \u20ac in diesen am 29.05.2017 er\u00f6ffneten Park als Trainingsgel\u00e4nde investiert . Das Interesse der Bikerinnen und Biker aus nah und fern ist gro\u00df und dar\u00fcber freuen wir uns auch sehr. Allerdings haben wir schon in der ersten Saison festgestellt, wie personalintensiv und teuer die Unterhaltung ist.\u00a0 Sauberkeit, Sicherheit, Instandhaltung und st\u00e4ndige Erneuerung haben ihren Preis.<\/p>\n<p>Wir wollen und werden diesen Trailpark, f\u00fcr alle die aus Spa\u00df und Freude an diesem Sport dort unterwegs sind, immer in einem einwandfreien Zustand halten. Auch in 10 oder 20 Jahren sollen die Kinder, Jugendlichen und Erwachsenen Hobby- und Rennsportler noch einen sicherlich auch immer wieder weiter entwickelten Trailpark vorfinden.<\/p>\n<p>Um dies sicherstellen zu k\u00f6nnen, bitten wir Euch, vor der erstmaligen Durchf\u00fchrung von Gruppenaktivit\u00e4ten in unserem Trailpark, Kontakt mit uns aufzunehmen.<\/p>\n<p><strong>Ansprechpartner:<\/strong><br \/>\nSportverein Kirchzarten e.V.<br \/>\nGesch\u00e4ftsstelle<br \/>\nOberrieder Stra\u00dfe 3 \u2013 79199 Kirchzarten<br \/>\nTel. 07661-4018 \/ Fax 07661-979236<br \/>\ne-mail: info@svkirchzarten.de<\/p>\n<p>&nbsp;<\/p>\n<p><strong>Bitte beachten: Parkpl\u00e4tze stehen nur am Sportgel\u00e4nde zur Verf\u00fcgung!<\/strong>[\/vc_column_text][\/vc_column][\/vc_row]\n","protected":false},"excerpt":{"rendered":"<p>[vc_row type=&#8220;in_container&#8220; full_screen_row_position=&#8220;middle&#8220; scene_position=&#8220;center&#8220; text_color=&#8220;dark&#8220; text_align=&#8220;left&#8220; overlay_strength=&#8220;0.3&#8243;][vc_column column_padding=&#8220;no-extra-padding&#8220; column_padding_position=&#8220;all&#8220; background_color_opacity=&#8220;1&#8243;&#8230;<\/p>\n","protected":false},"author":3,"featured_media":0,"parent":33,"menu_order":0,"comment_status":"closed","ping_status":"closed","template":"","meta":{"footnotes":""},"class_list":["post-53","page","type-page","status-publish"],"yoast_head":"<!-- This site is optimized with the Yoast SEO plugin v27.3 - https:\/\/yoast.com\/product\/yoast-seo-wordpress\/ -->\n<title>f\u00fcr Vereine und Gruppen | Rad<\/title>\n<meta name=\"robots\" content=\"index, follow, max-snippet:-1, max-image-preview:large, max-video-preview:-1\" \/>\n<link rel=\"canonical\" href=\"https:\/\/svkirchzarten.de\/rad\/hexenwald-trailpark\/fuer-vereine-und-gruppen\/\" \/>\n<meta property=\"og:locale\" content=\"de_DE\" \/>\n<meta property=\"og:type\" content=\"article\" \/>\n<meta property=\"og:title\" content=\"f\u00fcr Vereine und Gruppen | Rad\" \/>\n<meta property=\"og:description\" content=\"[vc_row type=&#8220;in_container&#8220; full_screen_row_position=&#8220;middle&#8220; scene_position=&#8220;center&#8220; text_color=&#8220;dark&#8220; text_align=&#8220;left&#8220; overlay_strength=&#8220;0.3&#8243;][vc_column column_padding=&#8220;no-extra-padding&#8220; column_padding_position=&#8220;all&#8220; background_color_opacity=&#8220;1&#8243;...\" \/>\n<meta property=\"og:url\" content=\"https:\/\/svkirchzarten.de\/rad\/hexenwald-trailpark\/fuer-vereine-und-gruppen\/\" \/>\n<meta property=\"og:site_name\" content=\"Rad\" \/>\n<meta property=\"article:publisher\" content=\"https:\/\/www.facebook.com\/svkirchzarten\/\" \/>\n<meta property=\"article:modified_time\" content=\"2020-06-25T20:32:58+00:00\" \/>\n<meta name=\"twitter:card\" content=\"summary_large_image\" \/>\n<meta name=\"twitter:label1\" content=\"Gesch\u00e4tzte Lesezeit\" \/>\n\t<meta name=\"twitter:data1\" content=\"1\u00a0Minute\" \/>\n<script type=\"application\/ld+json\" class=\"yoast-schema-graph\">{\"@context\":\"https:\\\/\\\/schema.org\",\"@graph\":[{\"@type\":\"WebPage\",\"@id\":\"https:\\\/\\\/svkirchzarten.de\\\/rad\\\/hexenwald-trailpark\\\/fuer-vereine-und-gruppen\\\/\",\"url\":\"https:\\\/\\\/svkirchzarten.de\\\/rad\\\/hexenwald-trailpark\\\/fuer-vereine-und-gruppen\\\/\",\"name\":\"f\u00fcr Vereine und Gruppen | Rad\",\"isPartOf\":{\"@id\":\"https:\\\/\\\/svkirchzarten.de\\\/rad\\\/#website\"},\"datePublished\":\"2018-04-10T14:42:23+00:00\",\"dateModified\":\"2020-06-25T20:32:58+00:00\",\"breadcrumb\":{\"@id\":\"https:\\\/\\\/svkirchzarten.de\\\/rad\\\/hexenwald-trailpark\\\/fuer-vereine-und-gruppen\\\/#breadcrumb\"},\"inLanguage\":\"de\",\"potentialAction\":[{\"@type\":\"ReadAction\",\"target\":[\"https:\\\/\\\/svkirchzarten.de\\\/rad\\\/hexenwald-trailpark\\\/fuer-vereine-und-gruppen\\\/\"]}]},{\"@type\":\"BreadcrumbList\",\"@id\":\"https:\\\/\\\/svkirchzarten.de\\\/rad\\\/hexenwald-trailpark\\\/fuer-vereine-und-gruppen\\\/#breadcrumb\",\"itemListElement\":[{\"@type\":\"ListItem\",\"position\":1,\"name\":\"SV Kirchzarten\",\"item\":\"https:\\\/\\\/svkirchzarten.de\\\/rad\\\/\"},{\"@type\":\"ListItem\",\"position\":2,\"name\":\"Hexenwald-Trailpark\",\"item\":\"https:\\\/\\\/svkirchzarten.de\\\/rad\\\/hexenwald-trailpark\\\/\"},{\"@type\":\"ListItem\",\"position\":3,\"name\":\"f\u00fcr Vereine und Gruppen\"}]},{\"@type\":\"WebSite\",\"@id\":\"https:\\\/\\\/svkirchzarten.de\\\/rad\\\/#website\",\"url\":\"https:\\\/\\\/svkirchzarten.de\\\/rad\\\/\",\"name\":\"Rad\",\"description\":\"\",\"publisher\":{\"@id\":\"https:\\\/\\\/svkirchzarten.de\\\/rad\\\/#organization\"},\"alternateName\":\"SV Kirchzarten Rad\",\"potentialAction\":[{\"@type\":\"SearchAction\",\"target\":{\"@type\":\"EntryPoint\",\"urlTemplate\":\"https:\\\/\\\/svkirchzarten.de\\\/rad\\\/?s={search_term_string}\"},\"query-input\":{\"@type\":\"PropertyValueSpecification\",\"valueRequired\":true,\"valueName\":\"search_term_string\"}}],\"inLanguage\":\"de\"},{\"@type\":\"Organization\",\"@id\":\"https:\\\/\\\/svkirchzarten.de\\\/rad\\\/#organization\",\"name\":\"Rad\",\"url\":\"https:\\\/\\\/svkirchzarten.de\\\/rad\\\/\",\"logo\":{\"@type\":\"ImageObject\",\"inLanguage\":\"de\",\"@id\":\"https:\\\/\\\/svkirchzarten.de\\\/rad\\\/#\\\/schema\\\/logo\\\/image\\\/\",\"url\":\"https:\\\/\\\/svkirchzarten.de\\\/rad\\\/wp-content\\\/uploads\\\/sites\\\/15\\\/2021\\\/02\\\/sv-kirchzarten-logo.svg\",\"contentUrl\":\"https:\\\/\\\/svkirchzarten.de\\\/rad\\\/wp-content\\\/uploads\\\/sites\\\/15\\\/2021\\\/02\\\/sv-kirchzarten-logo.svg\",\"width\":1,\"height\":1,\"caption\":\"Rad\"},\"image\":{\"@id\":\"https:\\\/\\\/svkirchzarten.de\\\/rad\\\/#\\\/schema\\\/logo\\\/image\\\/\"},\"sameAs\":[\"https:\\\/\\\/www.facebook.com\\\/svkirchzarten\\\/\"]}]}<\/script>\n<!-- \/ Yoast SEO plugin. -->","yoast_head_json":{"title":"f\u00fcr Vereine und Gruppen | Rad","robots":{"index":"index","follow":"follow","max-snippet":"max-snippet:-1","max-image-preview":"max-image-preview:large","max-video-preview":"max-video-preview:-1"},"canonical":"https:\/\/svkirchzarten.de\/rad\/hexenwald-trailpark\/fuer-vereine-und-gruppen\/","og_locale":"de_DE","og_type":"article","og_title":"f\u00fcr Vereine und Gruppen | Rad","og_description":"[vc_row type=&#8220;in_container&#8220; full_screen_row_position=&#8220;middle&#8220; scene_position=&#8220;center&#8220; text_color=&#8220;dark&#8220; text_align=&#8220;left&#8220; overlay_strength=&#8220;0.3&#8243;][vc_column column_padding=&#8220;no-extra-padding&#8220; column_padding_position=&#8220;all&#8220; background_color_opacity=&#8220;1&#8243;...","og_url":"https:\/\/svkirchzarten.de\/rad\/hexenwald-trailpark\/fuer-vereine-und-gruppen\/","og_site_name":"Rad","article_publisher":"https:\/\/www.facebook.com\/svkirchzarten\/","article_modified_time":"2020-06-25T20:32:58+00:00","twitter_card":"summary_large_image","twitter_misc":{"Gesch\u00e4tzte Lesezeit":"1\u00a0Minute"},"schema":{"@context":"https:\/\/schema.org","@graph":[{"@type":"WebPage","@id":"https:\/\/svkirchzarten.de\/rad\/hexenwald-trailpark\/fuer-vereine-und-gruppen\/","url":"https:\/\/svkirchzarten.de\/rad\/hexenwald-trailpark\/fuer-vereine-und-gruppen\/","name":"f\u00fcr Vereine und Gruppen | Rad","isPartOf":{"@id":"https:\/\/svkirchzarten.de\/rad\/#website"},"datePublished":"2018-04-10T14:42:23+00:00","dateModified":"2020-06-25T20:32:58+00:00","breadcrumb":{"@id":"https:\/\/svkirchzarten.de\/rad\/hexenwald-trailpark\/fuer-vereine-und-gruppen\/#breadcrumb"},"inLanguage":"de","potentialAction":[{"@type":"ReadAction","target":["https:\/\/svkirchzarten.de\/rad\/hexenwald-trailpark\/fuer-vereine-und-gruppen\/"]}]},{"@type":"BreadcrumbList","@id":"https:\/\/svkirchzarten.de\/rad\/hexenwald-trailpark\/fuer-vereine-und-gruppen\/#breadcrumb","itemListElement":[{"@type":"ListItem","position":1,"name":"SV Kirchzarten","item":"https:\/\/svkirchzarten.de\/rad\/"},{"@type":"ListItem","position":2,"name":"Hexenwald-Trailpark","item":"https:\/\/svkirchzarten.de\/rad\/hexenwald-trailpark\/"},{"@type":"ListItem","position":3,"name":"f\u00fcr Vereine und Gruppen"}]},{"@type":"WebSite","@id":"https:\/\/svkirchzarten.de\/rad\/#website","url":"https:\/\/svkirchzarten.de\/rad\/","name":"Rad","description":"","publisher":{"@id":"https:\/\/svkirchzarten.de\/rad\/#organization"},"alternateName":"SV Kirchzarten Rad","potentialAction":[{"@type":"SearchAction","target":{"@type":"EntryPoint","urlTemplate":"https:\/\/svkirchzarten.de\/rad\/?s={search_term_string}"},"query-input":{"@type":"PropertyValueSpecification","valueRequired":true,"valueName":"search_term_string"}}],"inLanguage":"de"},{"@type":"Organization","@id":"https:\/\/svkirchzarten.de\/rad\/#organization","name":"Rad","url":"https:\/\/svkirchzarten.de\/rad\/","logo":{"@type":"ImageObject","inLanguage":"de","@id":"https:\/\/svkirchzarten.de\/rad\/#\/schema\/logo\/image\/","url":"https:\/\/svkirchzarten.de\/rad\/wp-content\/uploads\/sites\/15\/2021\/02\/sv-kirchzarten-logo.svg","contentUrl":"https:\/\/svkirchzarten.de\/rad\/wp-content\/uploads\/sites\/15\/2021\/02\/sv-kirchzarten-logo.svg","width":1,"height":1,"caption":"Rad"},"image":{"@id":"https:\/\/svkirchzarten.de\/rad\/#\/schema\/logo\/image\/"},"sameAs":["https:\/\/www.facebook.com\/svkirchzarten\/"]}]}},"publishpress_future_action":{"enabled":false,"date":"2026-04-18 12:31:55","action":"change-status","newStatus":"draft","terms":[],"taxonomy":"","extraData":[]},"publishpress_future_workflow_manual_trigger":{"enabledWorkflows":[]},"_links":{"self":[{"href":"https:\/\/svkirchzarten.de\/rad\/wp-json\/wp\/v2\/pages\/53","targetHints":{"allow":["GET"]}}],"collection":[{"href":"https:\/\/svkirchzarten.de\/rad\/wp-json\/wp\/v2\/pages"}],"about":[{"href":"https:\/\/svkirchzarten.de\/rad\/wp-json\/wp\/v2\/types\/page"}],"author":[{"embeddable":true,"href":"https:\/\/svkirchzarten.de\/rad\/wp-json\/wp\/v2\/users\/3"}],"replies":[{"embeddable":true,"href":"https:\/\/svkirchzarten.de\/rad\/wp-json\/wp\/v2\/comments?post=53"}],"version-history":[{"count":0,"href":"https:\/\/svkirchzarten.de\/rad\/wp-json\/wp\/v2\/pages\/53\/revisions"}],"up":[{"embeddable":true,"href":"https:\/\/svkirchzarten.de\/rad\/wp-json\/wp\/v2\/pages\/33"}],"wp:attachment":[{"href":"https:\/\/svkirchzarten.de\/rad\/wp-json\/wp\/v2\/media?parent=53"}],"curies":[{"name":"wp","href":"https:\/\/api.w.org\/{rel}","templated":true}]}}