{"id":2,"date":"2018-04-25T10:38:54","date_gmt":"2018-04-25T08:38:54","guid":{"rendered":"http:\/\/dev.svkirchzarten.de\/lauftreff\/?page_id=2"},"modified":"2025-06-23T11:20:02","modified_gmt":"2025-06-23T09:20:02","slug":"sv-kirchzarten-lauftreff","status":"publish","type":"page","link":"https:\/\/svkirchzarten.de\/lauftreff\/","title":{"rendered":"SV Kirchzarten Lauftreff"},"content":{"rendered":"[vc_row type=&#8220;in_container&#8220; full_screen_row_position=&#8220;middle&#8220; column_margin=&#8220;default&#8220; column_direction=&#8220;default&#8220; column_direction_tablet=&#8220;default&#8220; column_direction_phone=&#8220;default&#8220; scene_position=&#8220;center&#8220; text_color=&#8220;dark&#8220; text_align=&#8220;left&#8220; row_border_radius=&#8220;none&#8220; row_border_radius_applies=&#8220;bg&#8220; overflow=&#8220;visible&#8220; overlay_strength=&#8220;0.3&#8243; gradient_direction=&#8220;left_to_right&#8220; shape_divider_position=&#8220;bottom&#8220; bg_image_animation=&#8220;none&#8220;][vc_column column_padding=&#8220;no-extra-padding&#8220; column_padding_tablet=&#8220;inherit&#8220; column_padding_phone=&#8220;inherit&#8220; column_padding_position=&#8220;all&#8220; column_element_direction_desktop=&#8220;default&#8220; column_element_spacing=&#8220;default&#8220; desktop_text_alignment=&#8220;default&#8220; tablet_text_alignment=&#8220;default&#8220; phone_text_alignment=&#8220;default&#8220; background_color_opacity=&#8220;1&#8243; background_hover_color_opacity=&#8220;1&#8243; column_backdrop_filter=&#8220;none&#8220; column_shadow=&#8220;none&#8220; column_border_radius=&#8220;none&#8220; column_link_target=&#8220;_self&#8220; column_position=&#8220;default&#8220; boxed=&#8220;true&#8220; gradient_direction=&#8220;left_to_right&#8220; overlay_strength=&#8220;0.3&#8243; width=&#8220;1\/1&#8243; tablet_width_inherit=&#8220;default&#8220; animation_type=&#8220;default&#8220; bg_image_animation=&#8220;none&#8220; border_type=&#8220;simple&#8220; column_border_width=&#8220;none&#8220; column_border_style=&#8220;solid&#8220;][vc_column_text css=&#8220;&#8220; text_direction=&#8220;default&#8220;]\n<h4><span style=\"color: #000000;\">Trainingszeiten:<\/span><\/h4>\n<p><span style=\"color: #000000;\">Uhrzeit: Dienstag 18:30 Uhr<\/span><\/p>\n<h4><span style=\"color: #000000;\">Treffpunkt:<\/span><\/h4>\n<p><span style=\"color: #000000;\"> <a href=\"https:\/\/maps.app.goo.gl\/QFV43jd29YVrXrfYA\" target=\"_blank\" rel=\"noopener\">Buswendeschleife Schulzentrum Kirchzarten<\/a><\/span><\/p>\n<h4><span style=\"color: #000000;\">Leiter: <\/span><\/h4>\n<p><span style=\"color: #000000;\">Sven Buchheister | Vertretung Volker Kohler<\/span><\/p>\n<h4><span style=\"color: #000000;\">Kontakt:<br \/>\n<\/span><\/h4>\n<p>Volker Kohler<br \/>\n0170-9676003<br \/>\n<a href=\"mailto:volker.kohler@googlemail.com\">volker.kohler@googlemail.com<\/a><\/p>\n<p>Sven Buchheister<br \/>\n<span style=\"color: #000000;\"> <a href=\"tel:00491637776532\">0163 &#8211; 777 65 32<\/a><br \/>\n<\/span><span style=\"color: #000000;\"><a href=\"mailto:svenbuchheister@yahoo.com\">svenbuchheister@yahoo.com<\/a><\/span><\/p>\n<p><span style=\"color: #000000;\">Der Lauftreff des SV Kirchzarten besteht aus drei Gruppen, die in unterschiedlichen Geschwindigkeiten laufen. Im Hochsommer, wenn die Tage l\u00e4nger sind, nutzen wir die Gelegenheit und fahren gemeinsam in die H\u00f6henlagen des Schwarzwalds, um in anderen, genauso sch\u00f6nen Umgebungen zu laufen. Zum Saisonabschluss geht der Lauftreff gemeinsam Essen.<\/span><\/p>\n<p><span style=\"color: #000000;\">Der Lauftreff des SV Kirchzarten freut sich \u00fcber jede(n) L\u00e4uferIn, der\/die vorbeikommen und hineinschnuppern m\u00f6chte. Diese Einladung gilt sowohl f\u00fcr Leistungssportler, als auch f\u00fcr Breitensportler, als auch f\u00fcr Genu\u00dfl\u00e4uferInnen. <\/span><\/p>\n<p><span style=\"color: #000000;\">Hier im Dreisamtal stehen uns so viele verschiedene Laufstrecken zur Verf\u00fcgung, dass uns nie langweilig wird. Dar\u00fcber hinaus nutzen wir die langen Tage im <span style=\"font-style: inherit; font-weight: inherit;\">Hochsommer und fahren gemeinsam in die H\u00f6henlagen des Schwarzwalds, um in anderen, genauso sch\u00f6nen Umgebungen zu laufen.\u00a0<\/span><\/span><\/p>\n<p><span style=\"color: #000000;\">Ein Einstieg in die Gruppen ist jederzeit gerne m\u00f6glich.<\/span>[\/vc_column_text][\/vc_column][\/vc_row]\n","protected":false},"excerpt":{"rendered":"<p>[vc_row type=&#8220;in_container&#8220; full_screen_row_position=&#8220;middle&#8220; column_margin=&#8220;default&#8220; column_direction=&#8220;default&#8220; column_direction_tablet=&#8220;default&#8220; column_direction_phone=&#8220;default&#8220; scene_position=&#8220;center&#8220; text_color=&#8220;dark&#8220; text_align=&#8220;left&#8220;&#8230;<\/p>\n","protected":false},"author":1,"featured_media":0,"parent":0,"menu_order":0,"comment_status":"closed","ping_status":"closed","template":"","meta":{"footnotes":""},"class_list":["post-2","page","type-page","status-publish"],"yoast_head":"<!-- This site is optimized with the Yoast SEO plugin v27.5 - https:\/\/yoast.com\/product\/yoast-seo-wordpress\/ -->\n<title>SV Kirchzarten Lauftreff | Lauftreff<\/title>\n<meta name=\"robots\" content=\"index, follow, max-snippet:-1, max-image-preview:large, max-video-preview:-1\" \/>\n<link rel=\"canonical\" href=\"https:\/\/svkirchzarten.de\/lauftreff\/\" \/>\n<meta property=\"og:locale\" content=\"de_DE\" \/>\n<meta property=\"og:type\" content=\"article\" \/>\n<meta property=\"og:title\" content=\"SV Kirchzarten Lauftreff | Lauftreff\" \/>\n<meta property=\"og:description\" content=\"[vc_row type=&#8220;in_container&#8220; full_screen_row_position=&#8220;middle&#8220; column_margin=&#8220;default&#8220; column_direction=&#8220;default&#8220; column_direction_tablet=&#8220;default&#8220; column_direction_phone=&#8220;default&#8220; scene_position=&#8220;center&#8220; text_color=&#8220;dark&#8220; text_align=&#8220;left&#8220;...\" \/>\n<meta property=\"og:url\" content=\"https:\/\/svkirchzarten.de\/lauftreff\/\" \/>\n<meta property=\"og:site_name\" content=\"Lauftreff\" \/>\n<meta property=\"article:modified_time\" content=\"2025-06-23T09:20:02+00:00\" \/>\n<meta name=\"twitter:card\" content=\"summary_large_image\" \/>\n<meta name=\"twitter:label1\" content=\"Gesch\u00e4tzte Lesezeit\" \/>\n\t<meta name=\"twitter:data1\" content=\"1\u00a0Minute\" \/>\n<script type=\"application\/ld+json\" class=\"yoast-schema-graph\">{\"@context\":\"https:\\\/\\\/schema.org\",\"@graph\":[{\"@type\":\"WebPage\",\"@id\":\"https:\\\/\\\/svkirchzarten.de\\\/lauftreff\\\/\",\"url\":\"https:\\\/\\\/svkirchzarten.de\\\/lauftreff\\\/\",\"name\":\"SV Kirchzarten Lauftreff | Lauftreff\",\"isPartOf\":{\"@id\":\"https:\\\/\\\/svkirchzarten.de\\\/lauftreff\\\/#website\"},\"datePublished\":\"2018-04-25T08:38:54+00:00\",\"dateModified\":\"2025-06-23T09:20:02+00:00\",\"breadcrumb\":{\"@id\":\"https:\\\/\\\/svkirchzarten.de\\\/lauftreff\\\/#breadcrumb\"},\"inLanguage\":\"de\",\"potentialAction\":[{\"@type\":\"ReadAction\",\"target\":[\"https:\\\/\\\/svkirchzarten.de\\\/lauftreff\\\/\"]}]},{\"@type\":\"BreadcrumbList\",\"@id\":\"https:\\\/\\\/svkirchzarten.de\\\/lauftreff\\\/#breadcrumb\",\"itemListElement\":[{\"@type\":\"ListItem\",\"position\":1,\"name\":\"SV Kirchzarten\",\"item\":\"https:\\\/\\\/svkirchzarten.de\\\/lauftreff\\\/\"},{\"@type\":\"ListItem\",\"position\":2,\"name\":\"SV Kirchzarten Lauftreff\"}]},{\"@type\":\"WebSite\",\"@id\":\"https:\\\/\\\/svkirchzarten.de\\\/lauftreff\\\/#website\",\"url\":\"https:\\\/\\\/svkirchzarten.de\\\/lauftreff\\\/\",\"name\":\"SV Kirchzarten - Lauftreff\",\"description\":\"\",\"publisher\":{\"@id\":\"https:\\\/\\\/svkirchzarten.de\\\/lauftreff\\\/#organization\"},\"alternateName\":\"SV Kirchzarten Lauftreff\",\"potentialAction\":[{\"@type\":\"SearchAction\",\"target\":{\"@type\":\"EntryPoint\",\"urlTemplate\":\"https:\\\/\\\/svkirchzarten.de\\\/lauftreff\\\/?s={search_term_string}\"},\"query-input\":{\"@type\":\"PropertyValueSpecification\",\"valueRequired\":true,\"valueName\":\"search_term_string\"}}],\"inLanguage\":\"de\"},{\"@type\":\"Organization\",\"@id\":\"https:\\\/\\\/svkirchzarten.de\\\/lauftreff\\\/#organization\",\"name\":\"Lauftreff\",\"url\":\"https:\\\/\\\/svkirchzarten.de\\\/lauftreff\\\/\",\"logo\":{\"@type\":\"ImageObject\",\"inLanguage\":\"de\",\"@id\":\"https:\\\/\\\/svkirchzarten.de\\\/lauftreff\\\/#\\\/schema\\\/logo\\\/image\\\/\",\"url\":\"https:\\\/\\\/svkirchzarten.de\\\/lauftreff\\\/wp-content\\\/uploads\\\/sites\\\/18\\\/2021\\\/02\\\/sv-kirchzarten-logo.svg\",\"contentUrl\":\"https:\\\/\\\/svkirchzarten.de\\\/lauftreff\\\/wp-content\\\/uploads\\\/sites\\\/18\\\/2021\\\/02\\\/sv-kirchzarten-logo.svg\",\"width\":1,\"height\":1,\"caption\":\"Lauftreff\"},\"image\":{\"@id\":\"https:\\\/\\\/svkirchzarten.de\\\/lauftreff\\\/#\\\/schema\\\/logo\\\/image\\\/\"}}]}<\/script>\n<!-- \/ Yoast SEO plugin. -->","yoast_head_json":{"title":"SV Kirchzarten Lauftreff | Lauftreff","robots":{"index":"index","follow":"follow","max-snippet":"max-snippet:-1","max-image-preview":"max-image-preview:large","max-video-preview":"max-video-preview:-1"},"canonical":"https:\/\/svkirchzarten.de\/lauftreff\/","og_locale":"de_DE","og_type":"article","og_title":"SV Kirchzarten Lauftreff | Lauftreff","og_description":"[vc_row type=&#8220;in_container&#8220; full_screen_row_position=&#8220;middle&#8220; column_margin=&#8220;default&#8220; column_direction=&#8220;default&#8220; column_direction_tablet=&#8220;default&#8220; column_direction_phone=&#8220;default&#8220; scene_position=&#8220;center&#8220; text_color=&#8220;dark&#8220; text_align=&#8220;left&#8220;...","og_url":"https:\/\/svkirchzarten.de\/lauftreff\/","og_site_name":"Lauftreff","article_modified_time":"2025-06-23T09:20:02+00:00","twitter_card":"summary_large_image","twitter_misc":{"Gesch\u00e4tzte Lesezeit":"1\u00a0Minute"},"schema":{"@context":"https:\/\/schema.org","@graph":[{"@type":"WebPage","@id":"https:\/\/svkirchzarten.de\/lauftreff\/","url":"https:\/\/svkirchzarten.de\/lauftreff\/","name":"SV Kirchzarten Lauftreff | Lauftreff","isPartOf":{"@id":"https:\/\/svkirchzarten.de\/lauftreff\/#website"},"datePublished":"2018-04-25T08:38:54+00:00","dateModified":"2025-06-23T09:20:02+00:00","breadcrumb":{"@id":"https:\/\/svkirchzarten.de\/lauftreff\/#breadcrumb"},"inLanguage":"de","potentialAction":[{"@type":"ReadAction","target":["https:\/\/svkirchzarten.de\/lauftreff\/"]}]},{"@type":"BreadcrumbList","@id":"https:\/\/svkirchzarten.de\/lauftreff\/#breadcrumb","itemListElement":[{"@type":"ListItem","position":1,"name":"SV Kirchzarten","item":"https:\/\/svkirchzarten.de\/lauftreff\/"},{"@type":"ListItem","position":2,"name":"SV Kirchzarten Lauftreff"}]},{"@type":"WebSite","@id":"https:\/\/svkirchzarten.de\/lauftreff\/#website","url":"https:\/\/svkirchzarten.de\/lauftreff\/","name":"SV Kirchzarten - Lauftreff","description":"","publisher":{"@id":"https:\/\/svkirchzarten.de\/lauftreff\/#organization"},"alternateName":"SV Kirchzarten Lauftreff","potentialAction":[{"@type":"SearchAction","target":{"@type":"EntryPoint","urlTemplate":"https:\/\/svkirchzarten.de\/lauftreff\/?s={search_term_string}"},"query-input":{"@type":"PropertyValueSpecification","valueRequired":true,"valueName":"search_term_string"}}],"inLanguage":"de"},{"@type":"Organization","@id":"https:\/\/svkirchzarten.de\/lauftreff\/#organization","name":"Lauftreff","url":"https:\/\/svkirchzarten.de\/lauftreff\/","logo":{"@type":"ImageObject","inLanguage":"de","@id":"https:\/\/svkirchzarten.de\/lauftreff\/#\/schema\/logo\/image\/","url":"https:\/\/svkirchzarten.de\/lauftreff\/wp-content\/uploads\/sites\/18\/2021\/02\/sv-kirchzarten-logo.svg","contentUrl":"https:\/\/svkirchzarten.de\/lauftreff\/wp-content\/uploads\/sites\/18\/2021\/02\/sv-kirchzarten-logo.svg","width":1,"height":1,"caption":"Lauftreff"},"image":{"@id":"https:\/\/svkirchzarten.de\/lauftreff\/#\/schema\/logo\/image\/"}}]}},"publishpress_future_action":{"enabled":false,"date":"2026-05-07 04:16:10","action":"change-status","newStatus":"draft","terms":[],"taxonomy":"","extraData":[]},"publishpress_future_workflow_manual_trigger":{"enabledWorkflows":[]},"_links":{"self":[{"href":"https:\/\/svkirchzarten.de\/lauftreff\/wp-json\/wp\/v2\/pages\/2","targetHints":{"allow":["GET"]}}],"collection":[{"href":"https:\/\/svkirchzarten.de\/lauftreff\/wp-json\/wp\/v2\/pages"}],"about":[{"href":"https:\/\/svkirchzarten.de\/lauftreff\/wp-json\/wp\/v2\/types\/page"}],"author":[{"embeddable":true,"href":"https:\/\/svkirchzarten.de\/lauftreff\/wp-json\/wp\/v2\/users\/1"}],"replies":[{"embeddable":true,"href":"https:\/\/svkirchzarten.de\/lauftreff\/wp-json\/wp\/v2\/comments?post=2"}],"version-history":[{"count":1,"href":"https:\/\/svkirchzarten.de\/lauftreff\/wp-json\/wp\/v2\/pages\/2\/revisions"}],"predecessor-version":[{"id":88,"href":"https:\/\/svkirchzarten.de\/lauftreff\/wp-json\/wp\/v2\/pages\/2\/revisions\/88"}],"wp:attachment":[{"href":"https:\/\/svkirchzarten.de\/lauftreff\/wp-json\/wp\/v2\/media?parent=2"}],"curies":[{"name":"wp","href":"https:\/\/api.w.org\/{rel}","templated":true}]}}

[vc_row type=&#8220;in_container&#8220; full_screen_row_position=&#8220;middle&#8220; column_margin=&#8220;default&#8220; column_direction=&#8220;default&#8220; column_direction_tablet=&#8220;default&#8220; column_direction_phone=&#8220;default&#8220; scene_position=&#8220;center&#8220; text_color=&#8220;dark&#8220; text_align=&#8220;left&#8220; row_border_radius=&#8220;none&#8220; row_border_radius_applies=&#8220;bg&#8220; overflow=&#8220;visible&#8220; overlay_strength=&#8220;0.3&#8243; gradient_direction=&#8220;left_to_right&#8220; shape_divider_position=&#8220;bottom&#8220; bg_image_animation=&#8220;none&#8220;][vc_column column_padding=&#8220;no-extra-padding&#8220; column_padding_tablet=&#8220;inherit&#8220; column_padding_phone=&#8220;inherit&#8220; column_padding_position=&#8220;all&#8220; column_element_direction_desktop=&#8220;default&#8220; column_element_spacing=&#8220;default&#8220; desktop_text_alignment=&#8220;default&#8220; tablet_text_alignment=&#8220;default&#8220; phone_text_alignment=&#8220;default&#8220; background_color_opacity=&#8220;1&#8243; background_hover_color_opacity=&#8220;1&#8243; column_backdrop_filter=&#8220;none&#8220; column_shadow=&#8220;none&#8220; column_border_radius=&#8220;none&#8220; column_link_target=&#8220;_self&#8220; column_position=&#8220;default&#8220; boxed=&#8220;true&#8220; gradient_direction=&#8220;left_to_right&#8220; overlay_strength=&#8220;0.3&#8243; width=&#8220;1/1&#8243; tablet_width_inherit=&#8220;default&#8220; animation_type=&#8220;default&#8220; bg_image_animation=&#8220;none&#8220; border_type=&#8220;simple&#8220; column_border_width=&#8220;none&#8220; column_border_style=&#8220;solid&#8220;][vc_column_text css=&#8220;&#8220; text_direction=&#8220;default&#8220;]
<h4><span style="color: #000000;">Trainingszeiten:</span></h4>
<p><span style="color: #000000;">Uhrzeit: Dienstag 18:30 Uhr</span></p>
<h4><span style="color: #000000;">Treffpunkt:</span></h4>
<p><span style="color: #000000;"> <a href="https://maps.app.goo.gl/QFV43jd29YVrXrfYA" target="_blank" rel="noopener">Buswendeschleife Schulzentrum Kirchzarten</a></span></p>
<h4><span style="color: #000000;">Leiter: </span></h4>
<p><span style="color: #000000;">Sven Buchheister | Vertretung Volker Kohler</span></p>
<h4><span style="color: #000000;">Kontakt:<br />
</span></h4>
<p>Volker Kohler<br />
0170-9676003<br />
<a href="mailto:volker.kohler@googlemail.com">volker.kohler@googlemail.com</a></p>
<p>Sven Buchheister<br />
<span style="color: #000000;"> <a href="tel:00491637776532">0163 &#8211; 777 65 32</a><br />
</span><span style="color: #000000;"><a href="mailto:svenbuchheister@yahoo.com">svenbuchheister@yahoo.com</a></span></p>
<p><span style="color: #000000;">Der Lauftreff des SV Kirchzarten besteht aus drei Gruppen, die in unterschiedlichen Geschwindigkeiten laufen. Im Hochsommer, wenn die Tage länger sind, nutzen wir die Gelegenheit und fahren gemeinsam in die Höhenlagen des Schwarzwalds, um in anderen, genauso schönen Umgebungen zu laufen. Zum Saisonabschluss geht der Lauftreff gemeinsam Essen.</span></p>
<p><span style="color: #000000;">Der Lauftreff des SV Kirchzarten freut sich über jede(n) LäuferIn, der/die vorbeikommen und hineinschnuppern möchte. Diese Einladung gilt sowohl für Leistungssportler, als auch für Breitensportler, als auch für GenußläuferInnen. </span></p>
<p><span style="color: #000000;">Hier im Dreisamtal stehen uns so viele verschiedene Laufstrecken zur Verfügung, dass uns nie langweilig wird. Darüber hinaus nutzen wir die langen Tage im <span style="font-style: inherit; font-weight: inherit;">Hochsommer und fahren gemeinsam in die Höhenlagen des Schwarzwalds, um in anderen, genauso schönen Umgebungen zu laufen. </span></span></p>
<p><span style="color: #000000;">Ein Einstieg in die Gruppen ist jederzeit gerne möglich.</span>[/vc_column_text][/vc_column][/vc_row]

<!-- This site is optimized with the Yoast SEO plugin v27.5 - https://yoast.com/product/yoast-seo-wordpress/ -->
<title>SV Kirchzarten Lauftreff | Lauftreff</title>
<meta name="robots" content="index, follow, max-snippet:-1, max-image-preview:large, max-video-preview:-1" />
<link rel="canonical" href="https://svkirchzarten.de/lauftreff/" />
<meta property="og:locale" content="de_DE" />
<meta property="og:type" content="article" />
<meta property="og:title" content="SV Kirchzarten Lauftreff | Lauftreff" />
<meta property="og:description" content="[vc_row type=&#8220;in_container&#8220; full_screen_row_position=&#8220;middle&#8220; column_margin=&#8220;default&#8220; column_direction=&#8220;default&#8220; column_direction_tablet=&#8220;default&#8220; column_direction_phone=&#8220;default&#8220; scene_position=&#8220;center&#8220; text_color=&#8220;dark&#8220; text_align=&#8220;left&#8220;..." />
<meta property="og:url" content="https://svkirchzarten.de/lauftreff/" />
<meta property="og:site_name" content="Lauftreff" />
<meta property="article:modified_time" content="2025-06-23T09:20:02+00:00" />
<meta name="twitter:card" content="summary_large_image" />
<meta name="twitter:label1" content="Geschätzte Lesezeit" />
	<meta name="twitter:data1" content="1 Minute" />
<script type="application/ld+json" class="yoast-schema-graph">{"@context":"https:\/\/schema.org","@graph":[{"@type":"WebPage","@id":"https:\/\/svkirchzarten.de\/lauftreff\/","url":"https:\/\/svkirchzarten.de\/lauftreff\/","name":"SV Kirchzarten Lauftreff | Lauftreff","isPartOf":{"@id":"https:\/\/svkirchzarten.de\/lauftreff\/#website"},"datePublished":"2018-04-25T08:38:54+00:00","dateModified":"2025-06-23T09:20:02+00:00","breadcrumb":{"@id":"https:\/\/svkirchzarten.de\/lauftreff\/#breadcrumb"},"inLanguage":"de","potentialAction":[{"@type":"ReadAction","target":["https:\/\/svkirchzarten.de\/lauftreff\/"]}]},{"@type":"BreadcrumbList","@id":"https:\/\/svkirchzarten.de\/lauftreff\/#breadcrumb","itemListElement":[{"@type":"ListItem","position":1,"name":"SV Kirchzarten","item":"https:\/\/svkirchzarten.de\/lauftreff\/"},{"@type":"ListItem","position":2,"name":"SV Kirchzarten Lauftreff"}]},{"@type":"WebSite","@id":"https:\/\/svkirchzarten.de\/lauftreff\/#website","url":"https:\/\/svkirchzarten.de\/lauftreff\/","name":"SV Kirchzarten - Lauftreff","description":"","publisher":{"@id":"https:\/\/svkirchzarten.de\/lauftreff\/#organization"},"alternateName":"SV Kirchzarten Lauftreff","potentialAction":[{"@type":"SearchAction","target":{"@type":"EntryPoint","urlTemplate":"https:\/\/svkirchzarten.de\/lauftreff\/?s={search_term_string}"},"query-input":{"@type":"PropertyValueSpecification","valueRequired":true,"valueName":"search_term_string"}}],"inLanguage":"de"},{"@type":"Organization","@id":"https:\/\/svkirchzarten.de\/lauftreff\/#organization","name":"Lauftreff","url":"https:\/\/svkirchzarten.de\/lauftreff\/","logo":{"@type":"ImageObject","inLanguage":"de","@id":"https:\/\/svkirchzarten.de\/lauftreff\/#\/schema\/logo\/image\/","url":"https:\/\/svkirchzarten.de\/lauftreff\/wp-content\/uploads\/sites\/18\/2021\/02\/sv-kirchzarten-logo.svg","contentUrl":"https:\/\/svkirchzarten.de\/lauftreff\/wp-content\/uploads\/sites\/18\/2021\/02\/sv-kirchzarten-logo.svg","width":1,"height":1,"caption":"Lauftreff"},"image":{"@id":"https:\/\/svkirchzarten.de\/lauftreff\/#\/schema\/logo\/image\/"}}]}</script>
<!-- / Yoast SEO plugin. -->
