{"id":24,"date":"2018-01-25T11:11:06","date_gmt":"2018-01-25T10:11:06","guid":{"rendered":"http:\/\/dev.svkirchzarten.de\/gesundheit\/?page_id=24"},"modified":"2025-07-15T21:12:36","modified_gmt":"2025-07-15T19:12:36","slug":"rehasport","status":"publish","type":"page","link":"https:\/\/svkirchzarten.de\/gesundheit\/rehasport\/","title":{"rendered":"Rehasport"},"content":{"rendered":"[vc_row type=&#8220;in_container&#8220; full_screen_row_position=&#8220;middle&#8220; column_margin=&#8220;default&#8220; column_direction=&#8220;default&#8220; column_direction_tablet=&#8220;default&#8220; column_direction_phone=&#8220;default&#8220; scene_position=&#8220;center&#8220; text_color=&#8220;dark&#8220; text_align=&#8220;left&#8220; row_border_radius=&#8220;none&#8220; row_border_radius_applies=&#8220;bg&#8220; overflow=&#8220;visible&#8220; overlay_strength=&#8220;0.3&#8243; gradient_direction=&#8220;left_to_right&#8220; shape_divider_position=&#8220;bottom&#8220; bg_image_animation=&#8220;none&#8220;][vc_column column_padding=&#8220;no-extra-padding&#8220; column_padding_tablet=&#8220;inherit&#8220; column_padding_phone=&#8220;inherit&#8220; column_padding_position=&#8220;all&#8220; column_element_direction_desktop=&#8220;default&#8220; column_element_spacing=&#8220;default&#8220; desktop_text_alignment=&#8220;default&#8220; tablet_text_alignment=&#8220;default&#8220; phone_text_alignment=&#8220;default&#8220; background_color_opacity=&#8220;1&#8243; background_hover_color_opacity=&#8220;1&#8243; column_backdrop_filter=&#8220;none&#8220; column_shadow=&#8220;none&#8220; column_border_radius=&#8220;none&#8220; column_link_target=&#8220;_self&#8220; column_position=&#8220;default&#8220; gradient_direction=&#8220;left_to_right&#8220; overlay_strength=&#8220;0.3&#8243; width=&#8220;1\/2&#8243; tablet_width_inherit=&#8220;default&#8220; animation_type=&#8220;default&#8220; bg_image_animation=&#8220;none&#8220; border_type=&#8220;simple&#8220; column_border_width=&#8220;none&#8220; column_border_style=&#8220;solid&#8220;][vc_column_text]Der SV Kirchzarten ist zertifizierter Anbieter im Rehabilitationssport &#8211; kurz Rehasport.<\/p>\n<blockquote><p>Derzeit gibt es 6 Rehasportgruppen im SVK.<\/p>\n<p>5 Gruppen f\u00fcr den Bereich Orthop\u00e4die<\/p>\n<p>1 Gruppe f\u00fcr den Bereich Innere Medizin \/ Sport nach Krebs<\/p><\/blockquote>\n[\/vc_column_text][\/vc_column][vc_column column_padding=&#8220;no-extra-padding&#8220; column_padding_tablet=&#8220;inherit&#8220; column_padding_phone=&#8220;inherit&#8220; column_padding_position=&#8220;all&#8220; column_element_direction_desktop=&#8220;default&#8220; column_element_spacing=&#8220;default&#8220; desktop_text_alignment=&#8220;default&#8220; tablet_text_alignment=&#8220;default&#8220; phone_text_alignment=&#8220;default&#8220; background_color_opacity=&#8220;1&#8243; background_hover_color_opacity=&#8220;1&#8243; column_backdrop_filter=&#8220;none&#8220; column_shadow=&#8220;none&#8220; column_border_radius=&#8220;none&#8220; column_link_target=&#8220;_self&#8220; column_position=&#8220;default&#8220; gradient_direction=&#8220;left_to_right&#8220; overlay_strength=&#8220;0.3&#8243; width=&#8220;1\/2&#8243; tablet_width_inherit=&#8220;default&#8220; animation_type=&#8220;default&#8220; bg_image_animation=&#8220;none&#8220; border_type=&#8220;simple&#8220; column_border_width=&#8220;none&#8220; column_border_style=&#8220;solid&#8220;][image_with_animation image_url=&#8220;125&#8243; image_size=&#8220;full&#8220; max_width=&#8220;100%&#8220; max_width_mobile=&#8220;default&#8220; animation_type=&#8220;entrance&#8220; animation=&#8220;Fade In&#8220; animation_easing=&#8220;default&#8220; animation_movement_type=&#8220;transform_y&#8220; hover_animation=&#8220;none&#8220; alignment=&#8220;&#8220; border_radius=&#8220;none&#8220; box_shadow=&#8220;none&#8220; image_loading=&#8220;default&#8220;][\/vc_column][\/vc_row][vc_row type=&#8220;in_container&#8220; full_screen_row_position=&#8220;middle&#8220; column_margin=&#8220;default&#8220; column_direction=&#8220;default&#8220; column_direction_tablet=&#8220;default&#8220; column_direction_phone=&#8220;default&#8220; scene_position=&#8220;center&#8220; text_color=&#8220;dark&#8220; text_align=&#8220;left&#8220; row_border_radius=&#8220;none&#8220; row_border_radius_applies=&#8220;bg&#8220; overflow=&#8220;visible&#8220; overlay_strength=&#8220;0.3&#8243; gradient_direction=&#8220;left_to_right&#8220; shape_divider_position=&#8220;bottom&#8220; bg_image_animation=&#8220;none&#8220;][vc_column column_padding=&#8220;no-extra-padding&#8220; column_padding_tablet=&#8220;inherit&#8220; column_padding_phone=&#8220;inherit&#8220; column_padding_position=&#8220;all&#8220; column_element_direction_desktop=&#8220;default&#8220; column_element_spacing=&#8220;default&#8220; desktop_text_alignment=&#8220;default&#8220; tablet_text_alignment=&#8220;default&#8220; phone_text_alignment=&#8220;default&#8220; background_color_opacity=&#8220;1&#8243; background_hover_color_opacity=&#8220;1&#8243; column_backdrop_filter=&#8220;none&#8220; column_shadow=&#8220;none&#8220; column_border_radius=&#8220;none&#8220; column_link_target=&#8220;_self&#8220; column_position=&#8220;default&#8220; gradient_direction=&#8220;left_to_right&#8220; overlay_strength=&#8220;0.3&#8243; width=&#8220;1\/1&#8243; tablet_width_inherit=&#8220;default&#8220; animation_type=&#8220;default&#8220; bg_image_animation=&#8220;none&#8220; border_type=&#8220;simple&#8220; column_border_width=&#8220;none&#8220; column_border_style=&#8220;solid&#8220;][tabbed_section style=&#8220;minimal&#8220; tab_change_animation=&#8220;fade&#8220; alignment=&#8220;left&#8220; spacing=&#8220;default&#8220; tab_color=&#8220;Accent-Color&#8220; vs_content_animation=&#8220;fade&#8220; vs_link_animation=&#8220;opacity&#8220; vs_navigation_alignment=&#8220;left&#8220; vs_navigation_width_2=&#8220;25%&#8220; vs_navigation_func=&#8220;default&#8220; vs_navigation_width=&#8220;regular&#8220; vs_navigation_spacing=&#8220;15px&#8220; vs_navigation_mobile_display=&#8220;visible&#8220; vs_tab_spacing=&#8220;5%&#8220; cta_button_style=&#8220;accent-color&#8220; icon_size=&#8220;24&#8243;][tab icon_family=&#8220;none&#8220; title=&#8220;Was ist Rehasport?&#8220; id=&#8220;1752606705228-2&#8243; tab_id=&#8220;1752606705229-5&#8243;][vc_column_text]Reha-Sport bietet Dir die M\u00f6glichkeit, gemeinsam mit anderen durch Bewegung, Spiel und Sport Deine Bewegungsf\u00e4higkeit zu verbessern und den Verlauf Deiner Krankheit\/Verletzung positiv zu beeinflussen.[\/vc_column_text][\/tab][tab icon_family=&#8220;none&#8220; title=&#8220;Welche Ziele hat der Rehasport?&#8220; id=&#8220;1752606705247-8&#8243; tab_id=&#8220;1752606705247-7&#8243;][vc_column_text]Reha-Sport hat das Ziel, Deine eigene Verantwortlichkeit f\u00fcr Deine Gesundheit zu st\u00e4rken und Dich zum langfristigen, selbstst\u00e4ndigen und eigenverantwortlichen Bewegungstraining zu motivieren.[\/vc_column_text][\/tab][tab icon_family=&#8220;none&#8220; title=&#8220;Was erwartet Dich in einer Rehasport-Gruppe?&#8220; id=&#8220;1752606705258-6&#8243; tab_id=&#8220;1752606705258-4&#8243;][vc_column_text]In der Sportgruppe findest Du Menschen, die \u00e4hnlich wie Du von einer Einschr\u00e4nkung betroffen sind. Neben dem gemeinsamen Sporttreiben ist auch der Austausch mit anderen ein wichtiges Element des Rehasport[\/vc_column_text][\/tab][tab icon_family=&#8220;none&#8220; title=&#8220;Was musst Du tun?&#8220; id=&#8220;1752606705265-8&#8243; tab_id=&#8220;1752606705266-4&#8243;][vc_column_text css=&#8220;&#8220; text_direction=&#8220;default&#8220;]\n<ol>\n<li>Dein Arzt stellt Dir eine Verordnung \u00fcber ambulanten Rehabilitationssport aus<\/li>\n<li>Deine Krankenkasse genehmigt Dir diese Verordnung.<\/li>\n<li>Du meldest Dich\u00a0in der SVK-Gesch\u00e4ftsstelle, oder direkt in den Rehasportkursen an<\/li>\n<li>Der zust\u00e4ndige \u00dcbungsleiter w\u00e4hlt, abh\u00e4ngig von Deinem Krankheitsbild und Deiner Belastbarkeit, die passende Rehasport-Gruppe aus und gibt Dir pers\u00f6nlich alle notwendigen Infos.<\/li>\n<\/ol>\n[\/vc_column_text][\/tab][tab icon_family=&#8220;none&#8220; title=&#8220;Welche Kosten entstehen Dir?&#8220; id=&#8220;1752606705274-6&#8243; tab_id=&#8220;1752606705275-4&#8243;][vc_column_text]Die Verg\u00fctung f\u00fcr die Teilnahme am Rehabilitationssport ist zwischen den Anbietern und den gesetzlichen Krankenkassen vertraglich geregelt. Wenn Du dem Sportverein Kirchzarten e.V. eine durch eine Krankenkasse genehmigte \u00e4rztliche Verordnung vorlegst, entstehen keine Kosten f\u00fcr Dich.<\/p>\n<p>Auch eine Vereinsmitgliedschaft ist zur Teilnahme an Rehasportangeboten nicht erforderlich![\/vc_column_text][\/tab][\/tabbed_section][\/vc_column][\/vc_row][vc_row type=&#8220;in_container&#8220; full_screen_row_position=&#8220;middle&#8220; column_margin=&#8220;default&#8220; column_direction=&#8220;default&#8220; column_direction_tablet=&#8220;default&#8220; column_direction_phone=&#8220;default&#8220; scene_position=&#8220;center&#8220; text_color=&#8220;dark&#8220; text_align=&#8220;left&#8220; row_border_radius=&#8220;none&#8220; row_border_radius_applies=&#8220;bg&#8220; overflow=&#8220;visible&#8220; overlay_strength=&#8220;0.3&#8243; gradient_direction=&#8220;left_to_right&#8220; shape_divider_position=&#8220;bottom&#8220; bg_image_animation=&#8220;none&#8220;][vc_column column_padding=&#8220;no-extra-padding&#8220; column_padding_tablet=&#8220;inherit&#8220; column_padding_phone=&#8220;inherit&#8220; column_padding_position=&#8220;all&#8220; column_element_direction_desktop=&#8220;default&#8220; column_element_spacing=&#8220;default&#8220; desktop_text_alignment=&#8220;default&#8220; tablet_text_alignment=&#8220;default&#8220; phone_text_alignment=&#8220;default&#8220; background_color_opacity=&#8220;1&#8243; background_hover_color_opacity=&#8220;1&#8243; column_backdrop_filter=&#8220;none&#8220; column_shadow=&#8220;none&#8220; column_border_radius=&#8220;none&#8220; column_link_target=&#8220;_self&#8220; column_position=&#8220;default&#8220; gradient_direction=&#8220;left_to_right&#8220; overlay_strength=&#8220;0.3&#8243; width=&#8220;1\/1&#8243; tablet_width_inherit=&#8220;default&#8220; animation_type=&#8220;default&#8220; bg_image_animation=&#8220;none&#8220; border_type=&#8220;simple&#8220; column_border_width=&#8220;none&#8220; column_border_style=&#8220;solid&#8220;][vc_column_text]<strong>Rehasportgruppen im SV Kirchzarten<\/strong>[\/vc_column_text][vc_column_text]\n<table id=\"tablepress-3\" class=\"tablepress tablepress-id-3\">\n<thead>\n<tr class=\"row-1\">\n\t<th class=\"column-1\">Tag \/ Zeit<\/th><th class=\"column-2\">Kurs<\/th><th class=\"column-3\">Kursort<\/th><th class=\"column-4\">Kursleiter<\/th>\n<\/tr>\n<\/thead>\n<tbody class=\"row-striping row-hover\">\n<tr class=\"row-2\">\n\t<td class=\"column-1\">Dienstag<\/td><td class=\"column-2\"><\/td><td class=\"column-3\"><\/td><td class=\"column-4\"><\/td>\n<\/tr>\n<tr class=\"row-3\">\n\t<td class=\"column-1\">17:00-18:00 Uhr<\/td><td class=\"column-2\">REHASPORT - Sport nach Krebs<\/td><td class=\"column-3\">Sporthalle Grundschule<\/td><td class=\"column-4\">Frauke Zipfel<\/td>\n<\/tr>\n<tr class=\"row-4\">\n\t<td class=\"column-1\">18:00-19:00 Uhr<\/td><td class=\"column-2\">REHASPORT Orthop\u00e4die<\/td><td class=\"column-3\">Tarodunumhalle Burg<\/td><td class=\"column-4\">Silke Hoffmann<\/td>\n<\/tr>\n<tr class=\"row-5\">\n\t<td class=\"column-1\">Donnerstag<\/td><td class=\"column-2\"><\/td><td class=\"column-3\"><\/td><td class=\"column-4\"><\/td>\n<\/tr>\n<tr class=\"row-6\">\n\t<td class=\"column-1\">16:00-17:00 Uhr<\/td><td class=\"column-2\">REHASPORT Orthop\u00e4die<\/td><td class=\"column-3\">Sporthalle Grundschule<\/td><td class=\"column-4\">Karin Huhn, Frauke Zipfel<\/td>\n<\/tr>\n<tr class=\"row-7\">\n\t<td class=\"column-1\">17:00-18:00 Uhr<\/td><td class=\"column-2\">REHASPORT Orthop\u00e4die<\/td><td class=\"column-3\">Sporthalle Grundschule<\/td><td class=\"column-4\">Karin Huhn, Frauke Zipfel<\/td>\n<\/tr>\n<tr class=\"row-8\">\n\t<td class=\"column-1\">17:00-18:00 Uhr<\/td><td class=\"column-2\">REHASPORT Orthop\u00e4die<\/td><td class=\"column-3\">Tarodunumhalle Burg<\/td><td class=\"column-4\">Silke Hoffmann<\/td>\n<\/tr>\n<tr class=\"row-9\">\n\t<td class=\"column-1\">18:00-19:00 Uhr<\/td><td class=\"column-2\">REHASPORT Orthop\u00e4die<\/td><td class=\"column-3\">Sporthalle Grundschule<\/td><td class=\"column-4\">Heike Roth-Gosebrink<\/td>\n<\/tr>\n<tr class=\"row-10\">\n\t<td class=\"column-1\"><\/td><td class=\"column-2\"><\/td><td class=\"column-3\"><\/td><td class=\"column-4\"><\/td>\n<\/tr>\n<\/tbody>\n<\/table>\n<!-- #tablepress-3 from cache -->[\/vc_column_text][\/vc_column][\/vc_row]\n","protected":false},"excerpt":{"rendered":"<p>[vc_row type=&#8220;in_container&#8220; full_screen_row_position=&#8220;middle&#8220; column_margin=&#8220;default&#8220; column_direction=&#8220;default&#8220; column_direction_tablet=&#8220;default&#8220; column_direction_phone=&#8220;default&#8220; scene_position=&#8220;center&#8220; text_color=&#8220;dark&#8220; text_align=&#8220;left&#8220;&#8230;<\/p>\n","protected":false},"author":3,"featured_media":0,"parent":0,"menu_order":0,"comment_status":"closed","ping_status":"closed","template":"","meta":{"footnotes":""},"class_list":["post-24","page","type-page","status-publish"],"yoast_head":"<!-- This site is optimized with the Yoast SEO plugin v27.4 - https:\/\/yoast.com\/product\/yoast-seo-wordpress\/ -->\n<title>Rehasport | Gesundheit, Fitness &amp; Rehasport<\/title>\n<meta name=\"robots\" content=\"index, follow, max-snippet:-1, max-image-preview:large, max-video-preview:-1\" \/>\n<link rel=\"canonical\" href=\"https:\/\/svkirchzarten.de\/gesundheit\/rehasport\/\" \/>\n<meta property=\"og:locale\" content=\"de_DE\" \/>\n<meta property=\"og:type\" content=\"article\" \/>\n<meta property=\"og:title\" content=\"Rehasport | Gesundheit, Fitness &amp; Rehasport\" \/>\n<meta property=\"og:description\" content=\"[vc_row type=&#8220;in_container&#8220; full_screen_row_position=&#8220;middle&#8220; column_margin=&#8220;default&#8220; column_direction=&#8220;default&#8220; column_direction_tablet=&#8220;default&#8220; column_direction_phone=&#8220;default&#8220; scene_position=&#8220;center&#8220; text_color=&#8220;dark&#8220; text_align=&#8220;left&#8220;...\" \/>\n<meta property=\"og:url\" content=\"https:\/\/svkirchzarten.de\/gesundheit\/rehasport\/\" \/>\n<meta property=\"og:site_name\" content=\"Gesundheit, Fitness &amp; Rehasport\" \/>\n<meta property=\"article:modified_time\" content=\"2025-07-15T19:12:36+00:00\" \/>\n<meta name=\"twitter:card\" content=\"summary_large_image\" \/>\n<meta name=\"twitter:label1\" content=\"Gesch\u00e4tzte Lesezeit\" \/>\n\t<meta name=\"twitter:data1\" content=\"2\u00a0Minuten\" \/>\n<script type=\"application\/ld+json\" class=\"yoast-schema-graph\">{\"@context\":\"https:\\\/\\\/schema.org\",\"@graph\":[{\"@type\":\"WebPage\",\"@id\":\"https:\\\/\\\/svkirchzarten.de\\\/gesundheit\\\/rehasport\\\/\",\"url\":\"https:\\\/\\\/svkirchzarten.de\\\/gesundheit\\\/rehasport\\\/\",\"name\":\"Rehasport | Gesundheit, Fitness &amp; Rehasport\",\"isPartOf\":{\"@id\":\"https:\\\/\\\/svkirchzarten.de\\\/gesundheit\\\/#website\"},\"datePublished\":\"2018-01-25T10:11:06+00:00\",\"dateModified\":\"2025-07-15T19:12:36+00:00\",\"breadcrumb\":{\"@id\":\"https:\\\/\\\/svkirchzarten.de\\\/gesundheit\\\/rehasport\\\/#breadcrumb\"},\"inLanguage\":\"de\",\"potentialAction\":[{\"@type\":\"ReadAction\",\"target\":[\"https:\\\/\\\/svkirchzarten.de\\\/gesundheit\\\/rehasport\\\/\"]}]},{\"@type\":\"BreadcrumbList\",\"@id\":\"https:\\\/\\\/svkirchzarten.de\\\/gesundheit\\\/rehasport\\\/#breadcrumb\",\"itemListElement\":[{\"@type\":\"ListItem\",\"position\":1,\"name\":\"SV Kirchzarten\",\"item\":\"https:\\\/\\\/svkirchzarten.de\\\/gesundheit\\\/\"},{\"@type\":\"ListItem\",\"position\":2,\"name\":\"Rehasport\"}]},{\"@type\":\"WebSite\",\"@id\":\"https:\\\/\\\/svkirchzarten.de\\\/gesundheit\\\/#website\",\"url\":\"https:\\\/\\\/svkirchzarten.de\\\/gesundheit\\\/\",\"name\":\"SV Kirchzarten e.V. - Gesundheit, Fitness & Rehasport\",\"description\":\"\",\"publisher\":{\"@id\":\"https:\\\/\\\/svkirchzarten.de\\\/gesundheit\\\/#organization\"},\"alternateName\":\"SV Kirchzarten Gesundheit, Fitness & Rehasport\",\"potentialAction\":[{\"@type\":\"SearchAction\",\"target\":{\"@type\":\"EntryPoint\",\"urlTemplate\":\"https:\\\/\\\/svkirchzarten.de\\\/gesundheit\\\/?s={search_term_string}\"},\"query-input\":{\"@type\":\"PropertyValueSpecification\",\"valueRequired\":true,\"valueName\":\"search_term_string\"}}],\"inLanguage\":\"de\"},{\"@type\":\"Organization\",\"@id\":\"https:\\\/\\\/svkirchzarten.de\\\/gesundheit\\\/#organization\",\"name\":\"SV Kirchzarten e.V. - Gesundheit, Fitness & Rehasport\",\"url\":\"https:\\\/\\\/svkirchzarten.de\\\/gesundheit\\\/\",\"logo\":{\"@type\":\"ImageObject\",\"inLanguage\":\"de\",\"@id\":\"https:\\\/\\\/svkirchzarten.de\\\/gesundheit\\\/#\\\/schema\\\/logo\\\/image\\\/\",\"url\":\"https:\\\/\\\/svkirchzarten.de\\\/gesundheit\\\/wp-content\\\/uploads\\\/sites\\\/12\\\/2021\\\/02\\\/sv-kirchzarten-logo.svg\",\"contentUrl\":\"https:\\\/\\\/svkirchzarten.de\\\/gesundheit\\\/wp-content\\\/uploads\\\/sites\\\/12\\\/2021\\\/02\\\/sv-kirchzarten-logo.svg\",\"width\":1,\"height\":1,\"caption\":\"SV Kirchzarten e.V. - Gesundheit, Fitness & Rehasport\"},\"image\":{\"@id\":\"https:\\\/\\\/svkirchzarten.de\\\/gesundheit\\\/#\\\/schema\\\/logo\\\/image\\\/\"}}]}<\/script>\n<!-- \/ Yoast SEO plugin. -->","yoast_head_json":{"title":"Rehasport | Gesundheit, Fitness &amp; Rehasport","robots":{"index":"index","follow":"follow","max-snippet":"max-snippet:-1","max-image-preview":"max-image-preview:large","max-video-preview":"max-video-preview:-1"},"canonical":"https:\/\/svkirchzarten.de\/gesundheit\/rehasport\/","og_locale":"de_DE","og_type":"article","og_title":"Rehasport | Gesundheit, Fitness &amp; Rehasport","og_description":"[vc_row type=&#8220;in_container&#8220; full_screen_row_position=&#8220;middle&#8220; column_margin=&#8220;default&#8220; column_direction=&#8220;default&#8220; column_direction_tablet=&#8220;default&#8220; column_direction_phone=&#8220;default&#8220; scene_position=&#8220;center&#8220; text_color=&#8220;dark&#8220; text_align=&#8220;left&#8220;...","og_url":"https:\/\/svkirchzarten.de\/gesundheit\/rehasport\/","og_site_name":"Gesundheit, Fitness &amp; Rehasport","article_modified_time":"2025-07-15T19:12:36+00:00","twitter_card":"summary_large_image","twitter_misc":{"Gesch\u00e4tzte Lesezeit":"2\u00a0Minuten"},"schema":{"@context":"https:\/\/schema.org","@graph":[{"@type":"WebPage","@id":"https:\/\/svkirchzarten.de\/gesundheit\/rehasport\/","url":"https:\/\/svkirchzarten.de\/gesundheit\/rehasport\/","name":"Rehasport | Gesundheit, Fitness &amp; Rehasport","isPartOf":{"@id":"https:\/\/svkirchzarten.de\/gesundheit\/#website"},"datePublished":"2018-01-25T10:11:06+00:00","dateModified":"2025-07-15T19:12:36+00:00","breadcrumb":{"@id":"https:\/\/svkirchzarten.de\/gesundheit\/rehasport\/#breadcrumb"},"inLanguage":"de","potentialAction":[{"@type":"ReadAction","target":["https:\/\/svkirchzarten.de\/gesundheit\/rehasport\/"]}]},{"@type":"BreadcrumbList","@id":"https:\/\/svkirchzarten.de\/gesundheit\/rehasport\/#breadcrumb","itemListElement":[{"@type":"ListItem","position":1,"name":"SV Kirchzarten","item":"https:\/\/svkirchzarten.de\/gesundheit\/"},{"@type":"ListItem","position":2,"name":"Rehasport"}]},{"@type":"WebSite","@id":"https:\/\/svkirchzarten.de\/gesundheit\/#website","url":"https:\/\/svkirchzarten.de\/gesundheit\/","name":"SV Kirchzarten e.V. - Gesundheit, Fitness & Rehasport","description":"","publisher":{"@id":"https:\/\/svkirchzarten.de\/gesundheit\/#organization"},"alternateName":"SV Kirchzarten Gesundheit, Fitness & Rehasport","potentialAction":[{"@type":"SearchAction","target":{"@type":"EntryPoint","urlTemplate":"https:\/\/svkirchzarten.de\/gesundheit\/?s={search_term_string}"},"query-input":{"@type":"PropertyValueSpecification","valueRequired":true,"valueName":"search_term_string"}}],"inLanguage":"de"},{"@type":"Organization","@id":"https:\/\/svkirchzarten.de\/gesundheit\/#organization","name":"SV Kirchzarten e.V. - Gesundheit, Fitness & Rehasport","url":"https:\/\/svkirchzarten.de\/gesundheit\/","logo":{"@type":"ImageObject","inLanguage":"de","@id":"https:\/\/svkirchzarten.de\/gesundheit\/#\/schema\/logo\/image\/","url":"https:\/\/svkirchzarten.de\/gesundheit\/wp-content\/uploads\/sites\/12\/2021\/02\/sv-kirchzarten-logo.svg","contentUrl":"https:\/\/svkirchzarten.de\/gesundheit\/wp-content\/uploads\/sites\/12\/2021\/02\/sv-kirchzarten-logo.svg","width":1,"height":1,"caption":"SV Kirchzarten e.V. - Gesundheit, Fitness & Rehasport"},"image":{"@id":"https:\/\/svkirchzarten.de\/gesundheit\/#\/schema\/logo\/image\/"}}]}},"publishpress_future_action":{"enabled":false,"date":"2026-04-29 12:17:14","action":"change-status","newStatus":"draft","terms":[],"taxonomy":"","extraData":[]},"publishpress_future_workflow_manual_trigger":{"enabledWorkflows":[]},"_links":{"self":[{"href":"https:\/\/svkirchzarten.de\/gesundheit\/wp-json\/wp\/v2\/pages\/24","targetHints":{"allow":["GET"]}}],"collection":[{"href":"https:\/\/svkirchzarten.de\/gesundheit\/wp-json\/wp\/v2\/pages"}],"about":[{"href":"https:\/\/svkirchzarten.de\/gesundheit\/wp-json\/wp\/v2\/types\/page"}],"author":[{"embeddable":true,"href":"https:\/\/svkirchzarten.de\/gesundheit\/wp-json\/wp\/v2\/users\/3"}],"replies":[{"embeddable":true,"href":"https:\/\/svkirchzarten.de\/gesundheit\/wp-json\/wp\/v2\/comments?post=24"}],"version-history":[{"count":1,"href":"https:\/\/svkirchzarten.de\/gesundheit\/wp-json\/wp\/v2\/pages\/24\/revisions"}],"predecessor-version":[{"id":261,"href":"https:\/\/svkirchzarten.de\/gesundheit\/wp-json\/wp\/v2\/pages\/24\/revisions\/261"}],"wp:attachment":[{"href":"https:\/\/svkirchzarten.de\/gesundheit\/wp-json\/wp\/v2\/media?parent=24"}],"curies":[{"name":"wp","href":"https:\/\/api.w.org\/{rel}","templated":true}]}}